re the prime factors of c(2)?
2, 31, 389
Let k(r) = 14*r**3 - 2*r**2 + 5*r - 8. Let a be k(3). What are the prime factors of (a/(-6))/(2/(-12))?
367
Suppose 7*q - 186 + 165 = 0. Let x be (-190)/8 - 2/8. What are the prime factors of 1 + -20*x/q?
7, 23
Suppose 2309*p = 2263*p + 757206. What are the prime factors of p?
3, 31, 59
Suppose -86*o + 123*o = 1721277. What are the prime factors of o?
3, 1723
Let h(f) be the third derivative of -f**4/12 + 19*f**3/6 - 19*f**2. Let d be h(7). Suppose 2*s = -d*s + 343. What are the prime factors of s?
7
Let b = -80157 - -124081. List the prime factors of b.
2, 79, 139
Suppose o - 18*o + 0*o = 0. List the prime factors of (36/(-9) - 822)/(-2 + o).
7, 59
Let w(c) = -c + 47. Let p(l) = -l**3 + l + 2. Let h be p(0). Suppose -52 = -5*t + 3*b, -2*t = -0*b + h*b - 24. What are the prime factors of w(t)?
2, 3
Let u(o) = 30*o + 243. Let k be u(-8). Suppose -4*t + 0*t = -s - 3981, t + k*s = 979. What are the prime factors of t?
2, 7, 71
Suppose 47*r = 21*r + 20*r + 48618. What are the prime factors of r?
3, 37, 73
Let p(c) = -2*c**2 - 13*c - 1. Let v be p(-6). Suppose -3*a - 22 = -2*u, 4*u = -v*a + 3*a + 28. Suppose -u*s + 4*s + 448 = 0. List the prime factors of s.
2, 7
Suppose 4*w + 21*t = 16*t - 21311, w - t = -5321. What are the prime factors of (-94)/(-141) + w/(-6)?
2, 3, 37
Suppose 4*p = 1322 + 1330. Suppose 3*s - p = -0*h + h, -2*h = 3*s - 654. List the prime factors of s.
2, 5, 11
Let j(g) = 4*g**3 - 6*g**2 + 13*g - 54. What are the prime factors of j(10)?
2, 11, 79
Suppose 0 = 9*j + 2 - 20. Suppose u + 5*v - 415 = 0, 2*u + j*u + 2*v - 1750 = 0. Suppose -2*k = 5*t + 2*k - 440, -5*t + 2*k = -u. List the prime factors of t.
2, 11
Let f = 326 - -329. Let i = f + 134. What are the prime factors of i?
3, 263
Suppose 12*g + 5*g = 6*g + 717827. What are the prime factors of g?
65257
Let d = -3043 + 14198. List the prime factors of d.
5, 23, 97
Let j = -8 + 4. Let s be j - (26468/(-91) + 1/(-7)). Let z = s + -193. What are the prime factors of z?
2, 47
Let t be (2 + -17)/(-5) - -3. Suppose -10*d + t = -13*d. List the prime factors of d/8 + 3678/24.
3, 17
Let d = 10 + -32. Let z = d + 34. What are the prime factors of 1655/25 - z/(-15)?
67
Let j = 45 + -44. Suppose j = -2*z - 59. List the prime factors of (-177)/((-5)/6 - (-20)/z).
2, 59
Let j(v) = -2*v + 4. Let b be j(2). Let y be b*(-5)/(-10) - 69*1. What are the prime factors of (y/15 - -3)/(-2)*85?
2, 17
Let y(m) = -m**3 + 14*m**2 - 19*m - 15. Let o be y(8). Let z = o + 45. What are the prime factors of z?
2, 131
Suppose -3*k = -1783 - 902. Suppose -3*p - 1327 = -4*w, -11 = -2*p + 2*w - k. Let v = -292 - p. List the prime factors of v.
149
Let l(r) = r**3 - 38*r**2 + r - 35. Let h be l(38). List the prime factors of h/(-54)*6 + 3055/3.
2, 509
Let i(v) = 79*v**2 - 8*v + 18. What are the prime factors of i(-8)?
2, 7, 367
Let q = -87 - -129. Let h = -42 + q. What are the prime factors of (4 + h - 1)*23?
3, 23
Let c = 14 + 6. Suppose c*q - 2590 = 15*q. Let z = -301 + q. What are the prime factors of z?
7, 31
Let j = 24514 + -6197. List the prime factors of j.
13, 1409
Let o(r) = r**2 - 9*r - 135. Let b be o(12). Let x = b + 351. List the prime factors of x.
2, 3, 7
Let c be (-38)/(-6) + (0 - 16/12). Let b(s) = 7*s**3 - 9*s**2 + 11*s - 1. List the prime factors of b(c).
2, 11
Let d(w) = 12*w**3 - 5*w**2 + 3*w + 2. Let f(j) = -j**2 + 6*j + 44. Let z be f(10). What are the prime factors of d(z)?
2, 3, 13
Let m be 484/(11/(-14) - 8/(-28)). Let n = -366 - m. What are the prime factors of n?
2, 7, 43
Let k(m) be the first derivative of 41*m**4/2 - 3*m**2 + 5*m - 186. Suppose 5*n + 0 = -4*d + 19, 0 = 4*d - 4*n + 8. List the prime factors of k(d).
3
Let h = 136331 - 74769. List the prime factors of h.
2, 30781
Let c(s) = -136*s + 752. List the prime factors of c(-53).
2, 5, 199
Let l = 50585 - 29813. List the prime factors of l.
2, 3, 577
Let c(y) = 375*y + 3195. What are the prime factors of c(10)?
3, 5, 463
Suppose 0 = -5*i - z + 6138, 27*i - 4*z - 2442 = 25*i. Suppose p - 3*y = i, -7*y = -3*p - 8*y + 3641. List the prime factors of p.
3, 5
Let k = 18 + -18. Suppose -2*h = o - 256, h + k*o - 3*o = 135. Let i = -41 + h. What are the prime factors of i?
2, 11
Suppose -o - 5 = -3*q, 0 = -4*q + 3*o - 0 + 5. Let p be ((-17)/17)/(q/(-232)). Let c = 60 + p. What are the prime factors of c?
2, 11
What are the prime factors of 63918 + 10/7 + (-448)/(-784)?
2, 5, 17, 47
Let f(l) = -l**3 + 13*l**2 + 17*l + 32. Let d(w) = w**2 + 3*w + 2. Let a be d(-3). Suppose 2*g - 26 - a = 0. What are the prime factors of f(g)?
2, 37
What are the prime factors of -3*((-4)/(-14) + (-517320)/70)?
2, 3, 5, 739
Let q = 32784 + -13712. What are the prime factors of q?
2, 149
Suppose 237*c = 243*c - 39816. List the prime factors of c.
2, 3, 7, 79
Suppose s + 53 = 5*x + 9, 4*x = s + 40. Let m be (-1)/6 - (-284)/s. What are the prime factors of 24/m*(-57)/2?
3, 19
Let u be (4 + (-8)/2)/1. Suppose u = 3*s - 7*s - v + 32, -2*v + 40 = 5*s. Suppose h + 462 = s*h. What are the prime factors of h?
2, 3, 11
Let t(i) = 2*i**3 - 10*i**2 + 2*i - 3. Let d be t(5). Suppose -13*c = -d*c + 564. Let h = 149 + c. List the prime factors of h.
5, 11
Let b(h) = 471*h + 266. Let d(y) = -314*y - 178. Let p(s) = -5*b(s) - 8*d(s). What are the prime factors of p(9)?
11, 137
What are the prime factors of (8 + (-250)/20)/((-1)/3730)?
3, 5, 373
Let o(l) be the first derivative of -l**4/4 + 17*l**3/3 + 7*l**2/2 + 2885. Suppose 5*i - 2*x - 26 = 3*i, 3*i - 5*x - 31 = 0. What are the prime factors of o(i)?
7, 17
Suppose -v - 2*l - 1 = 0, 4*v - 17 + 6 = -3*l. Suppose -5*o + 65 = -3*n, -6 = -3*o - v*n - 1. Suppose 53 = -9*b + o*b. List the prime factors of b.
53
Suppose -2*i + 144 = 2*i. Let j = 145 + -143. Suppose u = -j*u + i. List the prime factors of u.
2, 3
Let t(g) = 8*g - 11. Let x(s) = -7*s + 9. Let v(m) = 4*t(m) + 5*x(m). Let f be v(-1). What are the prime factors of (0 - f/6)/(9/(-2376))?
2, 11
Suppose -4946 = -8*y + 2318. Suppose -4*n + 996 = -y. List the prime factors of n.
2, 7, 17
Suppose -146*z - 33*z + 374468 = 0. List the prime factors of z.
2, 523
Let t be (-6)/(-2) + -1 - (-2 - -25). Let i = t - -23. Suppose 5*x = z - 52, -4*z + i*x = -3*z - 52. What are the prime factors of z?
2, 13
Suppose 559 = 5*m + 4*u, 0 = -5*m + 2*u + 302 + 251. Suppose -2*s + 0*y = -y - 249, -s = 4*y - m. Let r = s + 73. List the prime factors of r.
2, 7
Suppose -32147 = -b + 175*c - 174*c, 4*b = -2*c + 128606. What are the prime factors of b?
2, 5, 643
Let b(s) = -4*s**2 + 12*s + 24. Let v be b(4). List the prime factors of 2 - -1 - -1864 - 32/v.
3, 23
Let t be (5 + -3)*(-238)/4. Let q = t - -189. What are the prime factors of q?
2, 5, 7
Suppose 34*t - 28971 = -3*t. Suppose -12*b + 2409 = -t. What are the prime factors of b?
2, 7, 19
Suppose 4 = 2*o + s, o + 1 = -s + 3. Suppose o*f - 83 - 725 = 0. Suppose 7*h - f = 58. What are the prime factors of h?
2, 3, 11
Let u = -1233 + 6979. List the prime factors of u.
2, 13, 17
Let m(f) = f**3 + 12*f**2 - 19*f - 5. Suppose 0 = 10*i + 70 + 60. List the prime factors of m(i).
73
Let p = -48 - -38. List the prime factors of (1*-5)/((p/332)/5).
2, 5, 83
Let s(o) = -99*o + 41. Let d be s(-2). Suppose 4*y = -3*r + 719, -10*r + 9*r = y - d. What are the prime factors of r?
3, 79
Suppose 0 = 18807*n - 18814*n + 75761. List the prime factors of n.
79, 137
Let w be (9/(-6))/((-15)/20). Let s be 20*(3 - (-1)/(-2) - w). What are the prime factors of -1*3/6 - (-1235)/s?
3, 41
Suppose t - 3*t + 10 = 0. Suppose p = -4*o + 4 + 1, t*o - 25 = 5*p. Suppose 11 = 4*c + 5*a - 201, -o*a = 2*c - 104. What are the prime factors of c?
2, 3
Let s(g) = g**3 - 3*g**2 + 3*g - 9. Let w be s(3). Suppose w = -4*f + 3*f - 4*z + 934, 5*f - 5*z = 4620. What are the prime factors of f?
2, 463
Let i(t) be the second derivative of 5*t**2 - 29*t**2 - 5*t**2 + 4*t - 6*t**3. What are the prime factors of i(-7)?
2, 97
Suppose -2506674 = -131*c - 63*c. What are the prime factors of c?
3, 59, 73
Let r(i) = 95*i + 30. Let b = -207 - -208. List the prime factors of r(b).
5
Let l be 0/(1*(3 + -2))*-1. Suppose -5252 = -3*p + 72*n - 68*n, -2*p - n + 3494 = l. What are the prime factors of p?
2, 19, 23
Let n = 1 - -2. Suppose -4*o + 3*g - 34 = g